s of (-2 - (1 - -4)) + 3702*3?
11, 1009
Suppose -a + 14430 = -4*j, -164*j + 162*j - 72114 = -5*a. What are the prime factors of a?
2, 7211
Suppose 8*i = -2*i + 1100. Let r = i - 34. What are the prime factors of r?
2, 19
Let f = -706 - -707. What are the prime factors of (f - -70)/(-1)*(-95)/5?
19, 71
Let i be (130/39)/((-4)/(-6)). Suppose 0 = o - i, -3*o = -u + o + 443. List the prime factors of u.
463
Suppose 12 = -4*h, -3*g + 5 = 5*h + 17. Let x(m) = m + 3. Let q be x(g). Suppose 1 - 21 = -q*y. List the prime factors of y.
5
Let p(n) = -368*n + 4563. List the prime factors of p(-50).
22963
What are the prime factors of 25/(-20)*(-68192 + (1 - 4) + 7)?
5, 17047
Suppose -21 = b - 5*n, 2*b + 24 = 3*b + 4*n. Suppose -5*q + 429 = 2*v, -2*v + b*q - 66 + 486 = 0. What are the prime factors of v?
2, 53
Let p(c) = -4*c**2 + 14*c + 7. Let w be p(4). Let x be -1 + 5 - (-1120 + w). Suppose 10*r - x = -5*r. List the prime factors of r.
3, 5
Let m(h) = 29*h - 495 - 3*h + 20*h + 484 - 3*h**2 + 2*h**2. List the prime factors of m(35).
2, 11, 17
Let i be 1*(-2)/8 - 304/64. Let j(q) = q**3 - q**2 + q. Let b(c) = 6*c**3 - 24*c**2 - 3*c - 24. Let p(u) = i*j(u) + b(u). What are the prime factors of p(20)?
2, 3
Suppose 2*z = 9 + 5. Let l be 46/(-161) + 51/z. What are the prime factors of 514/l - 42/98?
73
Let v(x) = 20*x**2 - 25*x + 76. Let m = -403 - -410. What are the prime factors of v(m)?
881
Suppose -47*c - 474715 + 3190678 = 166*c. List the prime factors of c.
41, 311
Let j(u) = -2*u**3 + 10*u**2 - 9*u + 7. Let r be j(4). Suppose -k - r*d = -752, -3*d = 11*k - 6*k - 3712. What are the prime factors of k?
2, 5, 37
Let o(r) = -r**3 + 6*r**2 + 7*r + 5. Let z be o(7). Suppose 4*f - z*f = -406. What are the prime factors of f?
2, 7, 29
Suppose -3*y + 25 = o + 10, 0 = 5*o + y - 33. What are the prime factors of (426/8)/(o/48)?
2, 3, 71
Let i(a) = -1 - 2 - 8 + 2*a - 16. Let n be i(16). Suppose -470 = -n*r - 0*r. What are the prime factors of r?
2, 47
Let j(c) = c**2 + c. Let a(m) = -25*m**3 + m**2 - 9*m + 7. Let n(u) = -a(u) - 4*j(u). List the prime factors of n(2).
3, 61
Suppose 330 = -5*w + 3*c - 2017, -5*c = -w - 465. List the prime factors of w/(1 + (1 - 4)).
5, 47
Let k(t) = 34*t + 273. Let c be k(24). Suppose -6*w - 2*h - c = -7*w, -w = 2*h - 1109. What are the prime factors of w?
7, 157
Let f be -17 + 22 - 1/1. Suppose 5*m - 1274 = -3*v, f*v + 196 = m - 45. What are the prime factors of m?
11, 23
Suppose 146482 + 335603 = 27*x. List the prime factors of x.
5, 3571
Suppose 29*b - 1519707 + 236776 = 0. List the prime factors of b.
13, 41, 83
What are the prime factors of (-5)/15*(-19 + 93505)*(-5 - -4)?
2, 15581
Let u(z) = 1031*z**2 + 6*z - 8. What are the prime factors of u(2)?
2, 3, 43
Let a(k) = -3*k**3 - k**2 - k + 3. Let i be a(3). Let t = i - -78. List the prime factors of (-31)/(2/t*(-5 + 7)).
3, 31
Suppose 7*a - 22190 = 42854. List the prime factors of a.
2, 23, 101
Let z(o) = 2*o**2 + 117*o - 2483. List the prime factors of z(54).
7, 1381
Suppose 3*k + 0*d = -4*d + 220, 3*d = -k + 70. Let p = -71 + k. Suppose 735 = p*u + b + b, -u = 3*b - 160. List the prime factors of u.
5, 29
Suppose 34317 = -3*l - 5*g, 11459 = -l - 17*g + 22*g. What are the prime factors of (-36)/(-126) - l/28?
409
Let b = -150 - -287. Let o = 134 - b. What are the prime factors of (-10)/(-40) - o/(12/911)?
2, 3, 19
Suppose -5*v - 83 - 27 = 0. Let d be (v/88)/(1/(-4)). Let i(t) = 188*t. List the prime factors of i(d).
2, 47
Let o(d) = 4*d - 516*d**3 + 2 + 4*d + d**2 + 498*d**3 - 5*d. What are the prime factors of o(-1)?
2, 3
Suppose 0 = 2*b - 5*q + 2*q - 3, 2 = -2*b - 2*q. Suppose 51*p - 42*p - 6786 = b. List the prime factors of p.
2, 13, 29
Let r(y) = -2*y**3 + 16*y**2 - 11*y - 16. Let c be r(7). List the prime factors of (-5)/((3/(-3))/c).
5
List the prime factors of (-1520364)/(-44) + (-9)/(-33).
2, 3, 13, 443
Let y be (-3 - -7) + -30 + 2. Let g be (-393)/(-4) + 6/y. Let f = 155 - g. What are the prime factors of f?
3, 19
Let y = -10931 - -29306. What are the prime factors of y?
3, 5, 7
Suppose 62*g + 147*g - 1470277 = 958930. What are the prime factors of g?
59, 197
Let q(c) = -3 + 3*c + c**2 + 5 - 32*c**3 - 1. Let w be q(-1). Let f = w - -2. What are the prime factors of f?
3, 11
Suppose 8*d - 2*j = 7*d + 882, 0 = d - j - 884. Suppose 6*a = -d + 3142. List the prime factors of a.
2, 47
Let v(i) = -2*i**3 + 12*i**2 - 6*i - 1. Let l be v(8). Let d = l - -429. Suppose d = 3*b - 122. What are the prime factors of b?
2, 41
Let v(s) = -10*s + 18. Let m be v(2). Let u be ((-80)/(-8))/(m + 3 - -1). Suppose u*w + 362 = 7*w. What are the prime factors of w?
181
Let d be ((-18)/(-12))/(2/(-4)) - -222. Suppose 3*j - 45 = -d. Let m = -37 - j. What are the prime factors of m?
3, 7
What are the prime factors of (29 + -119862)/(-19) + 18/2?
2, 1579
Suppose -w = 8*g - 9*g - 45603, w = -3*g + 45591. List the prime factors of w.
2, 3, 5, 19
Suppose -3*w - 13506 = -3*o, 5*o - 17973 = -w + 4567. Suppose -10*r + o = -2903. List the prime factors of r.
3, 13, 19
Let s(a) = 5924*a**2 - 2*a + 10. What are the prime factors of s(1)?
2, 1483
Let r = 135 + -134. What are the prime factors of ((-1932)/70)/(r/(-25))?
2, 3, 5, 23
Let t(x) = 6 + 1 - 4*x - 9. Let c be t(-2). List the prime factors of (-7 - -3) + c - -143.
5, 29
Suppose a + 4 = 19. Suppose -a = -5*o - 195. What are the prime factors of (-156)/o*2*66/4?
11, 13
Suppose -20*z + 58 = -42. Suppose z*s - 1990 = 5*q, 5*s - 3*q - 1994 = -0*s. List the prime factors of s.
2, 5
Let c(a) = 21*a**2 - 131*a + 25. What are the prime factors of c(12)?
7, 211
Let i be 331/(6*2/12). Let x = -373 - -185. Let b = i + x. List the prime factors of b.
11, 13
Let g(n) = n**2 + 29*n - 92. Let r be g(-32). Suppose -4*d + 5*z = r*z - 443, 3*d - 345 = 5*z. What are the prime factors of d?
2, 5, 11
Let c(y) = -y**3 - 26 + 6*y**2 - y**2 + y + 11. Let a(o) = -o**3 + 5*o**2 + o - 14. Let n(t) = -5*a(t) + 4*c(t). What are the prime factors of n(6)?
2, 5
Suppose -110*a - 43626 + 69122 = -163154. What are the prime factors of a?
5, 7
What are the prime factors of (3 + -6)*(-427126)/(-84)*-2?
30509
Let v(o) = -2*o**3 - 9*o + 19. What are the prime factors of v(-5)?
2, 157
Let p be -2 + -4*(-6 + 4). What are the prime factors of -1 + p - 2 - (-1 - 262)?
2, 7, 19
Let m be 2/2*8/(-1). Let v(t) = 3 + 193*t + 4 - 194*t. What are the prime factors of v(m)?
3, 5
Suppose -3*m + 4*o + 3961 - 536 = 0, -4 = -o. What are the prime factors of m?
31, 37
Suppose -18*c - 15*c + 132 = 0. Suppose z + 2*h - 863 = 0, 0 = -3*z - c*h + 6*h + 2573. List the prime factors of z.
859
Let x(b) = -b**3 - 17*b**2 - 31*b + 19. Let t(h) = -2*h**3 - 34*h**2 - 61*h + 38. Let s(c) = 4*t(c) - 7*x(c). List the prime factors of s(-17).
2, 239
Let i be 9754/4 - (4 + (-78)/12). Let v = i + -1613. What are the prime factors of v?
2, 3, 23
Let u(c) = 324*c + 10. Suppose -4*d - 22 = -2*t - 0*d, d = 4*t - 9. What are the prime factors of u(t)?
2, 167
Let a = 3241 + -1121. Suppose -5*k = -0*k + a. Let c = 595 + k. List the prime factors of c.
3, 19
Let i(r) = 13*r + 7. Let m be i(5). Suppose 608 = 5*x - m. Suppose 12*h - x = 11*h. List the prime factors of h.
2, 17
List the prime factors of (-23)/(828/(-132180)) + (-6)/9.
3671
Let a(u) = u**3 + 21*u**2 + 6*u + 21. Suppose -4*y = 15 + 65. Let p be a(y). Suppose -2*l = z - 281, -2*z + 261 = -5*l - p. What are the prime factors of z?
281
Suppose 826 = 6*f - 2186. Suppose -4*w + f + 4930 = 0. List the prime factors of w.
2, 7, 97
Let a(w) = w**3 + 24*w**2 - 13*w + 2. Let x be a(-26). Let k = x - -2128. List the prime factors of k.
2, 3, 31
Let r = -7130 - -33703. List the prime factors of r.
26573
Suppose 52131 = -160*a + 690371. What are the prime factors of a?
3989
Let p = -5390 + 11249. What are the prime factors of p?
3, 7, 31
Let g(m) = -46 + 2*m**3 - 3*m - 7*m - 3*m**2 - 3*m + 8*m. What are the prime factors of g(10)?
2, 401
Let j(a) be the first derivative of 39*a**2 - 80*a - 79. List the prime factors of j(6).
2, 97
Let z = -31154 + 63312. List the prime factors of z.
2, 7, 2297
Let n = 389 + -376. Suppose 3*c - 74 = n. What are the prime factors of c?
29
Let f(c) = 1358*c**3 - 3*c**2 - 4*c - 2. Let y be f(-1). Let v = y - -2317. What are the prime factors of